e remainder when g(-50) is divided by 15?
9
Suppose -3*s = 2*q - 23, -5*q + 5*s + 86 = 3*s. Suppose -16 = 8*p + q. Let r(k) = 2*k**3 + 11*k**2 + 5*k + 6. What is the remainder when r(p) is divided by 7?
6
Let g = 55 - 117. Let d = -63 - g. What is the remainder when 1220/16 + (5/(-4) - d) is divided by 11?
10
Suppose 4*d + d - 10 = 0. Let g be (-29)/1 + (-24 - -17). Let s = d - g. What is the remainder when s is divided by 13?
12
Suppose -4*t + 5*u = -888, 3*t - u - 666 = -3*u. Suppose -t = -10*o - 52. Calculate the remainder when 129 is divided by o.
10
Let a be (-1 - 0) + 3/1. Suppose 2*n + a*f - 42 = 0, -4*n + 9*n + 3*f - 107 = 0. Suppose -n*p + 17*p + 75 = 0. Calculate the remainder when 58 is divided by p.
13
What is the remainder when ((-8)/4 - -1183) + (14 + -4)/(-10) is divided by 187?
58
Let p be 1898/(-8) + (-76)/(-304). Let m = p + 317. What is the remainder when m is divided by 65?
15
Let c(k) = -83*k - 53. Calculate the remainder when c(-2) is divided by ((-46)/4)/((-4)/8).
21
Let y = -3 + 7. Let h = 0 + y. Let w = 634 + -624. Calculate the remainder when w is divided by h.
2
Let g = -33574 - -33696. What is the remainder when g is divided by (-4)/10 - (-516)/15?
20
Let g = -711 + 706. Calculate the remainder when g/(-70) + 7095/42 is divided by 86.
83
Let y(k) = k**3 - 11*k**2 - 9*k + 22. Let s be y(10). Let x = s - -302. Calculate the remainder when x is divided by 23.
19
Let c be (10/(-7))/(71/497). Calculate the remainder when -106*(-3 + (-15)/c) is divided by 74.
11
Let h = -2907 - -3667. What is the remainder when 2290 is divided by h?
10
Let o = 11118 + -10988. Calculate the remainder when o is divided by 26.
0
Let q(p) = -57*p + 3. Calculate the remainder when q(-6) is divided by (0 - (-8 + -20 + -1))/1.
26
Let r(p) = -p**3 + 5*p**2 + 13*p + 3. Let b = 1149 + -1010. What is the remainder when b is divided by r(4)?
68
Let g be -72*(-1 - 2/(-4)). Suppose 0*k = -4*k + g. Let o(n) = 221*n - 218. What is the remainder when k is divided by o(1)?
0
What is the remainder when 841 is divided by 24/(-18)*27/9*-1?
1
Suppose 2*y + 0*y + 4*o = 62, 0 = -4*y + 5*o + 124. Let t = -7 + 12. Suppose 0 = v + p - 21, -t*v + 3*p - p = -70. What is the remainder when y is divided by v?
15
Let w = -11 - -13. Suppose 5*t + 11*f - 15*f = 1542, 4*t - 1236 = w*f. Calculate the remainder when t is divided by 39.
37
Suppose 2*g = 3*r + 16, 5*g - 3*r - 40 = -2*r. Let u = -35 + 34. Calculate the remainder when u/((-8)/(-60))*-2 is divided by g.
7
Suppose 0 = 16*t + x - 11227, x - 2975 = -4*t - 172. Calculate the remainder when t is divided by 221.
39
Suppose -d + 2*c = 3*d - 178, d = -4*c + 49. Let y(j) = -2*j + 2. Let m be y(-9). Suppose 8 = 21*a - m*a. What is the remainder when d is divided by a?
5
What is the remainder when (-1)/(2/(-6)) - 50468/(-148) is divided by 294?
50
Let p be 1 + (-35)/7 + 5. Calculate the remainder when 97 is divided by -1 + p + 4 + 13.
12
Let k(m) = m**3 + 16*m**2 - 228*m - 18. Calculate the remainder when k(10) is divided by 116.
70
Suppose -200*p + 176 = -192*p. Suppose u + p = 2*d, 8 - 14 = 3*u. Calculate the remainder when ((-14)/(-4))/(2/16) is divided by d.
8
Suppose 8*b = -b + 171. Let f(h) = 7*h**2 - h - 25. What is the remainder when f(5) is divided by b?
12
Let s(b) = b**2 - 24*b + 40. Let c = -3 - -7. Suppose 7*m = c*m - 5*o + 137, 4*m - o - 198 = 0. What is the remainder when m is divided by s(23)?
15
What is the remainder when 567 is divided by (14 - 128)*(-4)/24?
16
Let w = -103 + 179. Let d = 18 - 59. Let l = -15 - d. Calculate the remainder when w is divided by l.
24
Let h(z) = -5*z**2 - 5*z - 4. Let l be h(-3). Suppose -20*w = 665 - 65. Let s = w - l. Calculate the remainder when 22 is divided by s.
2
Let h = -1523 - -1575. Let d(u) = -u**3 - 5*u**2 + u. Let b be d(-4). Let p = 34 + b. What is the remainder when h is divided by p?
10
Suppose 2*i - 25 = -7*a + 6*a, -4*a + 5*i + 48 = 0. What is the remainder when 181 is divided by a?
11
Let b be ((-5)/10)/(1/358). Let g = -120 - b. What is the remainder when 230 is divided by g?
53
Suppose -6473 = -221*f + 45*f + 39. What is the remainder when 412 is divided by f?
5
Let p(m) = -m**2 + 22*m - 11. Let t be p(14). Let l = t + -74. Calculate the remainder when 106 is divided by (1*18)/(l/18).
10
Let r = 403 + -267. Suppose 3*h = -z + 32, -5*h = -3*z + 146 - 106. What is the remainder when r is divided by z?
16
Let a(r) = 6*r**3 + 4*r**2 - 9*r + 2. Let i be a(4). Suppose 12*t - 1494 = -i. Suppose 0 = 8*x - 14*x + t. What is the remainder when 41 is divided by x?
11
Let n(l) = 18*l - 32. Let a be n(5). Suppose -2*y - a + 15 = -z, -2*y + 56 = 2*z. Calculate the remainder when z is divided by 17.
16
What is the remainder when ((-4)/(-30) - (-50589)/270)/((-5)/(-10)) is divided by 3?
0
Suppose 0 = -2*q + 4*b + 6450, -72*q + 74*q - 6498 = -4*b. Calculate the remainder when q is divided by 60.
57
Calculate the remainder when (-8898)/(-3) - (157 - 132) is divided by 67.
60
Suppose -4*i + 13*d - 15*d + 150 = 0, -180 = -5*i - 5*d. Suppose i*h + 3432 - 11388 = 0. Calculate the remainder when h is divided by 54.
42
Suppose 450 = 237*u - 235*u + 2*v, 2*v + 894 = 4*u. Calculate the remainder when 10301 is divided by u.
221
Suppose 77*w - 81*w + 16 = -r, -5*r = 4*w - 16. Suppose w*x + 3*i - 128 = 0, x - 34 = -4*i + 11. Calculate the remainder when x is divided by 6.
5
Let h be (-189)/3*(0 + 1). Let u = -41 + 70. What is the remainder when -4 + (-1 - 2 - h) is divided by u?
27
Suppose 5*r = -2*o + 112, -5 = -5*o - 0. Let u(c) = -2*c**2 - 337*c - 8136. Calculate the remainder when u(-138) is divided by 1258/r - 2/11.
54
Let b = 35 + -39. Let t be 0 - 0 - (b + 0)*1. Suppose k - 5*k = -c - 312, -2*c - 308 = -t*k. What is the remainder when k is divided by 43?
36
Let b(q) = -2*q**2 + q + 8. Let j be b(3). Let w(d) = -2*d**2 - 12*d + 49. Suppose -5*c = -c - 56. Calculate the remainder when w(j) is divided by c.
7
Let q(t) = 2*t**2 + 6. Suppose 0*y - 10 = -2*y. Suppose 2*k - 105 = -3*k. Calculate the remainder when q(y) is divided by k.
14
Suppose -96522 - 206239 = -81*l + 138932. What is the remainder when l is divided by 62?
59
Suppose 3*n + b - 2*b = 1358, 3*n - 1357 = 2*b. Suppose 3*m + 0*m - n = 0. What is the remainder when m is divided by 36*(315/(-60))/(-21)?
7
Let c = -27 - -25. Let h(x) = 15*x**2 + 10. Let i(v) = -30*v**2 + v - 21. Let a(n) = 7*h(n) + 3*i(n). What is the remainder when a(c) is divided by 33?
28
Suppose 32*b - 3779 = 7389. What is the remainder when b is divided by 88?
85
Suppose -l + 4*x + 21 = 0, -17 + 122 = 5*l - 3*x. Calculate the remainder when 2782 is divided by l.
10
What is the remainder when (11/(-33)*-33)/(1/1455) is divided by 29?
26
Calculate the remainder when ((-1675050)/91)/(-5) - (-1)/((-7)/(-4)) is divided by 8.
2
Let z be -111 + (-1 - 0) + (-6 - -3). Let v = 185 + z. Calculate the remainder when v is divided by 18.
16
Let w = -2650 + 2771. Calculate the remainder when 123 is divided by w.
2
Suppose 1 + 7 = 4*g. Suppose -2*j = 4, 5*d + g*j = 4*j + 29. Calculate the remainder when d is divided by 15/6*24/20.
2
Suppose -p = 2*p - 66. Let r be (1 - 99/(-2))/(8/128). Calculate the remainder when r/60*3 - 6/(-10) is divided by p.
19
Suppose 0 = 2*g - 2*u - 2305 - 919, 0 = 3*u + 15. Let o = g + -810. Calculate the remainder when o is divided by 16.
13
Suppose 2*r - 3*s = -3*r + 4652, 3*r = -4*s + 2797. What is the remainder when r is divided by 47?
38
Let m be (2 - 28)/(-7 - -5). Suppose i + 2*c - m = 0, -2*c + 5 = 5*i - 7*c. Calculate the remainder when (1 - 0/2)*(12 - 3) is divided by i.
4
Let x(f) = 28*f - 136. Suppose 0 = 2*a + u - 96, -3*u - 292 = -4*a - 90. Calculate the remainder when a is divided by x(5).
1
Calculate the remainder when 1345 is divided by (6 - (-34)/18)*(0 + 11 - 2).
67
Suppose 4*b = -4*s + 116, -2*b - 107 = -5*s + 17. Calculate the remainder when s is divided by (-16)/(-4)*3/3.
2
Suppose 2*p - 2*a - 491 = 465, -2*p + 6*a = -944. What is the remainder when p is divided by 68?
5
Let s(a) = 2*a**2 + 10*a + 3. Let y be s(-5). Let t be y/(-6) + (-51)/(-6) + 0. Suppose -t*n = -14*n + 450. What is the remainder when n is divided by 38?
37
Calculate the remainder when 395 is divided by 2*41 - (-1222)/94.
15
Suppose -5*y = -2*o 